- (-2 + -2 + 4)?
-1
9 + 0 + (-2 - -10) + -11
6
Evaluate -2 + (-2 - (-2 + 0)) + -1.
-3
Calculate 2 + -5 + (-2 - -2) + 0.
-3
What is -1 + -8 + (0 - -5)?
-4
3 + -14 - -20 - 12
-3
10 - (-5 + 3 + 9)
3
Evaluate (-15 - -9 - -11) + 0.
5
-3 + 1 + (-84 - -92)
6
Evaluate 2 - (2 - (3 + 5)).
8
What is the value of (3 - 6) + -6 - -4?
-5
What is the value of -40 - -44 - (4 + (-1 - 0))?
1
Calculate 1 - (-6 + 0 - -1 - -4).
2
Evaluate (-4 - (4 - 8)) + -5 + 2.
-3
What is the value of 1 - (-5 + 2 + (1 - 0))?
3
Evaluate -3 - (3 + 0 + 2 + -4).
-4
Calculate 4 + 2 + 1 + -8 + 2.
1
What is the value of (5 - 13) + 13 - 7?
-2
2 - (2 + -3 + 4)
-1
What is the value of (-3 - (4 - 5) - -14) + -6?
6
What is the value of 2 + (-7 - -11) + (-1 - 3)?
2
Calculate -2 + 4 - (4 + -12 + 14).
-4
1 - (5 + 2) - (-62 + 63)
-7
What is the value of -2 + 2 + 3 + 2?
5
What is the value of 7 + (-1 - (6 - 5))?
5
What is the value of -3 + (8 - 2) + 0?
3
Evaluate -21 - -22 - (3 - -2).
-4
Calculate -5 + -6 + 7 - 0.
-4
Calculate 5 - (5 + -3 + 7 + -12).
8
4 - (0 + (2 - -5))
-3
Evaluate (5 - (10 + -9)) + (-6 - -1).
-1
Calculate (1 + 0 - -2) + (0 - -1).
4
2 + 0 + (-5 - (6 + -8))
-1
What is the value of (2 - 15 - -24) + -2?
9
What is the value of 9 - (-10 + 18) - -9?
10
Calculate (8 - 5) + 4 - (-6 - -8).
5
Calculate ((4 - 6) + 16 - 7) + -5.
2
What is the value of 1 + 0 + 1 + 1?
3
2 + (-7 - (-7 + 2) - 2)
-2
What is the value of 9 - (6 + 7 + -8)?
4
6 - (6 + 3 + -7)
4
Calculate 15 + (0 - -7 - 20).
2
What is (15 + -6 - 0) + -4?
5
Calculate (5 - 0) + -8 + 1.
-2
What is (-8 - -12 - -8) + (-1 - 4)?
7
What is -5 + (-5 - -5 - -2)?
-3
11 + -11 + (-11 - -20)
9
23 - 19 - (7 + -2) - 7
-8
5 - (0 - (-3 + 0))
2
What is the value of -4 + (-3 - (1 + -4)) - -5?
1
-18 + 17 - (0 - -1 - 4)
2
Calculate 12 - (8 + (12 - 11)).
3
Calculate (0 - -3) + (-3 + 2 - 4).
-2
Evaluate -4 + (7 - 9) + 4 + -1.
-3
What is the value of -5 - (4 + 6 + -5 - 9)?
-1
Evaluate 9 + (9 - 5) + -4.
9
-13 - (-7 + -10 + -5)
9
What is the value of 4 - (4 - -2 - 3)?
1
-2 + 0 + 2 + (15 - 11)
4
Calculate -12 + 0 + 11 + -1.
-2
Evaluate (-9 - 5) + 0 + 7.
-7
What is the value of 3 + 1 - (25 + -22)?
1
Evaluate (2 + 0 - -6) + -14.
-6
What is the value of (-5 - 5 - -10) + 7?
7
What is the value of 7 - 0 - (15 - (-1 - -13))?
4
What is 9 + -3 + (-6 - (7 - 3))?
-4
Calculate (1 - (5 + -3) - 5) + -1.
-7
3 + -10 + 2 + -2 + 2
-5
What is the value of 78 + -63 - (2 + 9)?
4
What is 1 - (3 + -5 + 3) - 4?
-4
Evaluate -1 - ((0 - -1) + (-1 - -3)).
-4
-7 - (-1 - 4 - -2)
-4
What is the value of -1 + -2 - (11 + -13)?
-1
What is the value of 14 + 24 + -46 - (-1 - 14)?
7
Evaluate -2 + -2 - (45 - 48).
-1
Evaluate 3 + 8 + (-8 - 1).
2
Evaluate 5 - (0 + 3) - -3 - 3.
2
6 + (-3 - -1) + -6
-2
What is 1 + 1 - -2 - 0?
4
-2 - -4 - -4 - 10
-4
Calculate (-3 - (2 + -7)) + 2.
4
Calculate (8 - (14 + 1) - -12) + -6.
-1
What is the value of -3 - 1 - (3 - (7 - -8))?
8
What is the value of 29 - 34 - (-6 - -2)?
-1
(4 - -4) + -5 + -4 - -3
2
What is 6 + 24 + -20 + -6 + -1?
3
-2 - (-26 - -24 - (3 + -2))
1
-3 + 4 + 3 - 4
0
What is (-1 - -2) + -10 + (14 - 9)?
-4
4 + (2 - 9) + 5
2
What is the value of (-3 - (0 + -3)) + 0?
0
(12 + -3 - 0) + -8
1
Evaluate 2 - -2 - 8 - -8.
4
Calculate (3 - -11) + (32 - 42).
4
Evaluate 12 + -2 + (-5 - -1).
6
Calculate 2 + (0 - 1) + 2 - 3.
0
Calculate -2 - (-4 + (0 - 3)) - 1.
4
7 + (-15 - -4 - -5)
1
-4 + (9 - 5) + -3 - 2
-5
Evaluate 4 - (4 + -4 - (-2 + -2)).
0
What is the value of -7 - (-14 - -1) - 6?
0
What is the value of -1 + 0 + 3 - (-5 - -2)?
5
Calculate 0 + -1 - (1 - 5 - -3).
0
What is 4 + 5 - (9 - -6)?
-6
What is the value of 5 - (4 + -2 + 2) - 1?
0
Evaluate -12 - -7 - (4 - 6).
-3
(-1 - -2 - (2 - 5)) + -1
3
What is the value of 1 + (3 + 4 + -11 - 0)?
-3
(-4 - 3) + (13 - 4)
2
What is (3 - -8) + -7 + -1?
3
Calculate -7 - (0 + (-3 - 0)).
-4
Evaluate 2 + 3 + -1 + -4.
0
What is the value of (8 + 0 + -4 - 4) + 3?
3
(4 - -4) + (-20 - -17)
5
What is -1 - 2 - (19 - 24)?
2
Evaluate -3 + 0 + (-38 - -39).
-2
What is the value of -8 - -6 - (-1 - (0 - 2))?
-3
1 + -3 + 3 - (-8 - -13)
-4
What is (-4 - (5 + -6)) + 8?
5
Evaluate 9 + -3 + -3 - 10.
-7
1 + (-2 - (-1 - -5))
-5
What is the value of -1 + 8 + (-18 - 1) + 3?
-9
Calculate 3 + -6 + -3 - (1 - 4).
-3
2 + -1 + -2 + 2 + -1
0
0 + -2 + -1 + 6
3
Calculate (8 - 6 - 9) + 7.
0
1 - (2 + -6) - (-29 + 32)
2
Calculate -8 - (-5 - -6 - 5) - 1.
-5
Evaluate -9 + (6 - 3) + 5 + -5.
-6
What is the value of -10 - (10 + -12) - -12?
4
What is the value of (10 + (0 - 7) - 7) + 5?
1
Calculate -2 - (1 + (3 - (-2 - -4))).
-4
Evaluate 0 + -3 - (-7 + (2 - 3)).
5
What is the value of -6 + -2 + 6 - 3?
-5
What is the value of 2 - -2 - -3 - 3 - 6?
-2
What is -1 - (4 + -2) - (29 - 33)?
1
Calculate (-3 - (-11 + 8) - 5) + 2.
-3
What is -2 - -12 - (-1 - 0)?
11
What is the value of 0 - ((-3 - -2) + -4)?
5
(91 - 88) + (-2 - -2)
3
Calculate -4 + (-9 - -6) + 2.
-5
What is -3 - (0 + -9 + 4) - 1?
1
What is (5 - 4) + 3 + -1?
3
What is the value of -6 - (4 - 7) - (1 - -1)?
-5
What is 1 + 0 + 4 + -9 - -7?
3
What is the value of -1 - (0 - -1 - (5 + -7))?
-4
What is the value of (1 - 2) + 7 + -8?
-2
Evaluate -4 + 3 + (2 - 4) - -8.
5
What is 16 - 4 - 10 - 5?
-3
What is -4 + (-1 - 5) + 14?
4
Calculate (6 - 12) + 0 - (4 - 8).
-2
Calculate -80 - -60 - (-13 - -1).
-8
What is the value of -6 + (0 - -4) - -5 - 0?
3
What is -7 + (15 - (1 - -1)) - -2?
8
Calculate (2 - (3 - 1)) + 4 - 4.
0
Calculate 99 + -94 - (0 + 0).
5
What is the value of 0 - (5 - -2 - 3)?
-4
Calculate -2 - ((-2 - -4) + -2 + 0).
-2
What is the value of -2 - (2 + -1 - (10 + -5))?
2
Calculate 6 + (-7 + 8 + -4 - -3).
6
What is 10 + -4 + -2 + 4?
8
Evaluate 3 - (3 + (4 - 5)).
1
1 - (3 + 4 + 0 + -6)
0
Calculate -6 + (0 - (-2 + 0)).
-4
Evaluate (-6 - (-1 - -2)) + (10 - 11).
-8
-27 + 29 - (0 - 4 - -1)
5
Calculate -1 - (-5 - -1 - -4) - -1.
0
Evaluate (-9 + 9 - -4) + 2.
6
Evaluate -4 - -7 - (-5 + 3).
5
1 + (20 - 10) - 13
-2
What is -1 + (-8 - -15) - 2?
4
Evaluate 20 + -17 + 2 + 1 + -5.
1
What is 9 + 1 + -4 + 0 + -4?
2
What is 1 + -3 + 45 + -40 + -10?
-7
Calculate 4 - (-3 + 22) - (10 + -16).
-9
Calculate (-1 - -2) + (-8 - (1 + -9)).
1
What is -9 + -2 + -69 + 83?
3
Evaluate -16 - -11 - (-4 + 2).
-3
83 - 89 - (-2 - -6)
-10
Evaluate (1 - 0) + (0 + -1 - -5).
5
What is the value of -2 - 7 - -3 - -12?
6
Evaluate -2 - (-4 + (-3 + 4 - 0)).
1
Calculate -3 + 6 + -10 + 5.
-2
What is the value of 1 + 1 + (16 - 19) + -4?
-5
What is ((2 - 2) + 4 - 0) + -5?
-1
Calculate 9 + 14 + -21 - -3.
5
(0 + -3 - -11) + (0 - 3)
5
Calculate 6 + (5 - 3) + -5 + 1.
4
What is -9 + 7 + 4 + -1?
1
What is -4 - -1 - (-21 + 21)?
-3
Calculate -3 + 15 + -7 + -1.
4
What is the value of (15 - 14) + (-2 - 1 - -2)?
0
4 - (-2 + -1 + 3 + -2)
6
Calculate (-1 - (1 - -9)) + 13.
2
8 + (4 - (-3 + 13)) + 1
3
What is 5 + (2 - 2) + (-5 - -6)?
6
What is the value of 1 + 3 + -9 + 0 - -14?
9
(6 - (5 + 2)) + (-4 - -3)
-2
What is the value of -10 + 2 + 3 + (1 - 5)?
-9
What is the value of 10 + -9 + -1 + -2?
-2
Calculate -6 - (6 - 5) - (1 - 1).
-7
Calculate -1 + 3 + 2 + -4 + 5.
5
Evaluate (1 - -10) + 8 + -3 + -10.
6
What is -5 + 6 + -6 + 5?
0
Evaluate 20 + -15 + (3 - 13).
-5
What is -6 + 15 - (8 - 3 - -1)?
3
7 - (-2 + (-4 - -8))
5
Calculate 3 + 12 + -11 + -4.
0
3 + 11 - 14 - (0 - 5)
5
Calculate 11 + (2 - -3 - 8) + -2.
6
What is the value of 0 + 8 + -6 - 5?
-3
Calculate -8 + 4 + 4 + -6.
-6
Evaluate (25 - 24) + (-1 - 0).
0
What is 12 - ((-1 - -1) + 8)?
4
(0 - (-15 - -1)) + -50 + 44
8
4 + (0 - 2) + 2
4
Evaluate -4 - (12 + -20 + 0 + 4).
0
What is the value of -4 - (22 - 8) - -11?
-7
2 - (-2 + (6 - 4) + 1)
1
Calculate -3 + (7 + -2 - 5) + -2.
-5
What is the value of -4 - (8 + -6 + -5)?
-1
Calculate -5 + (-5 - (-4 + -3)).
-3
Evaluate -3 - 3 - 1 - -6.
-1
What is the value of -22 + (1 - -6) - -9?
-6
(-1 - -2 - (20 - 24)) + -9
-4
What is the value of 0 - -6 - (72 - 65)?
-1
What is 11 - 1 - (1 + -14 + 13)?
10
Calculate 4 + 0 + 3 + -3.
4
Evaluate 3 - (3 - (6 + -1 + -3)).
2
What is the value of -2 - (2 - (-4 - -6))?
-2
What is -1 - (4 - (11 - 15))?
-9
What is the value of 0 + -2 + 2 + -4?
-4
Calculate 4 + -4 + 3 + 4 + -5.
2
What is 2 - (-4 - -15) - -5?
-4
-3 + (7 - (-2 - 1)) + -2
5
Calculate (3 - 11) + 1 + (3 - -1).
-3
What is 9 + 2 - (-12 + 17)?
6
Calculate (0 - 10 - -15) + -9.
-4
Calculate (1 - (-3 